{"id":132,"date":"2020-08-05T13:26:15","date_gmt":"2020-08-05T11:26:15","guid":{"rendered":"https:\/\/shop.fonira.at\/index.php\/versandarten\/"},"modified":"2020-08-06T11:00:22","modified_gmt":"2020-08-06T09:00:22","slug":"versandarten","status":"publish","type":"page","link":"https:\/\/shop.fonira.at\/index.php\/versandarten\/","title":{"rendered":"Versandinformationen"},"content":{"rendered":"\n<h2 class=\"wp-block-heading\">In L\u00e4nder die geliefert wird<\/h2>\n\n\n\n<p>Wir liefern innerhalb der EU.<\/p>\n\n\n\n<h2 class=\"wp-block-heading\">Bestellungen von au\u00dferhalb der EU<\/h2>\n\n\n\n<p>Voraussetzung f\u00fcr eine Bestellung ist eine Rechnungsadresse sowie Lieferadresse innerhalb der EU.<\/p>\n\n\n\n<h2 class=\"wp-block-heading\">Versanddienstleitser<\/h2>\n\n\n\n<p>Wir versenden die Pakte \u00fcber die \u00d6sterreichische Post.<\/p>\n\n\n\n<h2 class=\"wp-block-heading\">Versandkosten<\/h2>\n\n\n\n<figure class=\"wp-block-table\"><table><tbody><tr><td>innerhalb \u00d6sterreichs<\/td><td>5\u20ac<\/td><\/tr><tr><td>innerhalb der EU<\/td><td>10\u20ac<\/td><\/tr><\/tbody><\/table><\/figure>\n\n\n\n<h2 class=\"wp-block-heading\">Lieferzeiten<\/h2>\n\n\n\n<p>Nachdem wird Ihre Zahlung erhalten haben, werden vorr\u00e4tige Produkte innerhalb einer Woche versendet.<\/p>\n\n\n\n<h2 class=\"wp-block-heading\">Paketstatus<\/h2>\n\n\n\n<p>Nachdem Ihr Paket versendet wurde, erhalten Sie eine Versandbest\u00e4tigung mit dem dazugeh\u00f6rigen Nachverfolgungs Links. Dar\u00fcber k\u00f6nnen Sie jederzeit feststellen, wo Ihr Paket zuletzt gesichtet wurde.<\/p>\n\n\n\n<h2 class=\"wp-block-heading\">Bestellung Zur\u00fccksenden<\/h2>\n\n\n\n<p>Bitte lesen Sie sich unsere <a href=\"https:\/\/shop.fonira.at\/index.php\/widerrufsbelehrung\/\">Widerrufsbelehrung<\/a> durch. Im Falle eines Defektes sehen Sie sich bitte die <a href=\"https:\/\/shop.fonira.at\/index.php\/ruecknahmebestimmungen\/\">R\u00fccknahmebestimmungen<\/a> an. Eine BITTE: Bestellen Sie nur Produkte die Sie auch behalten m\u00f6chten und nicht mehrere zum Durchprobieren.<\/p>\n\n\n\n<h2 class=\"wp-block-heading\">Unsere Adresse<\/h2>\n\n\n\n<p><strong>fonira Telekom GmbH<\/strong><br>Prager Stra\u00dfe 6<br>A-1210 Wien<\/p>\n\n\n\n<p>Tel: <a href=\"tel:+43 1 35300\">+43 1 35300<\/a><br>Fax: +43 1 35300-9100<br><a href=\"mailto:%20kontakt@fonira.at\">kontakt@fonira.at<\/a><\/p>\n","protected":false},"excerpt":{"rendered":"<p>In L\u00e4nder die geliefert wird Wir liefern innerhalb der EU. Bestellungen von au\u00dferhalb der EU Voraussetzung f\u00fcr eine Bestellung ist eine Rechnungsadresse sowie Lieferadresse innerhalb der EU. Versanddienstleitser Wir versenden die Pakte \u00fcber die \u00d6sterreichische Post. Versandkosten innerhalb \u00d6sterreichs 5\u20ac innerhalb der EU 10\u20ac Lieferzeiten Nachdem wird Ihre Zahlung erhalten haben, werden vorr\u00e4tige Produkte innerhalb [&hellip;]<\/p>\n","protected":false},"author":1,"featured_media":0,"parent":0,"menu_order":0,"comment_status":"closed","ping_status":"closed","template":"","meta":{"footnotes":""},"class_list":["post-132","page","type-page","status-publish","hentry"],"_links":{"self":[{"href":"https:\/\/shop.fonira.at\/index.php\/wp-json\/wp\/v2\/pages\/132","targetHints":{"allow":["GET"]}}],"collection":[{"href":"https:\/\/shop.fonira.at\/index.php\/wp-json\/wp\/v2\/pages"}],"about":[{"href":"https:\/\/shop.fonira.at\/index.php\/wp-json\/wp\/v2\/types\/page"}],"author":[{"embeddable":true,"href":"https:\/\/shop.fonira.at\/index.php\/wp-json\/wp\/v2\/users\/1"}],"replies":[{"embeddable":true,"href":"https:\/\/shop.fonira.at\/index.php\/wp-json\/wp\/v2\/comments?post=132"}],"version-history":[{"count":5,"href":"https:\/\/shop.fonira.at\/index.php\/wp-json\/wp\/v2\/pages\/132\/revisions"}],"predecessor-version":[{"id":174,"href":"https:\/\/shop.fonira.at\/index.php\/wp-json\/wp\/v2\/pages\/132\/revisions\/174"}],"wp:attachment":[{"href":"https:\/\/shop.fonira.at\/index.php\/wp-json\/wp\/v2\/media?parent=132"}],"curies":[{"name":"wp","href":"https:\/\/api.w.org\/{rel}","templated":true}]}}